s of u?
2, 3, 5
Suppose -552 = -2*q - 10*q. Suppose 0 = -37*a + q*a - 27. Suppose a*j = 5*j - 532. List the prime factors of j.
2, 7, 19
Suppose 7*c - 17*c + 10 = 0. List the prime factors of c + -3 + 2 + 166 + 5.
3, 19
Let l(n) = 3*n**2 - 119*n - 675. What are the prime factors of l(78)?
3, 5, 7, 79
Suppose -4633 = -g + 10750. List the prime factors of g.
15383
List the prime factors of (0 - 0 - (-18)/45)/(49/6299195).
2, 7, 3673
What are the prime factors of ((485/(-20))/((-35)/(-112)))/(8/(-2420))?
2, 11, 97
Suppose -18884 = -4*l - 5*h, 23*l - 14144 = 20*l + h. What are the prime factors of l?
2, 3, 131
Let u(y) be the first derivative of -19*y**2/2 + 910*y - 94. What are the prime factors of u(0)?
2, 5, 7, 13
Let i(f) = 322*f**3 + f**2 - 2. Suppose 7*q + 3 = 10*q. List the prime factors of i(q).
3, 107
Let t be (-148)/(-16) + (-4)/16. Let r be (-4 - t/(-2))*4. Suppose 2*u - r*o = 136, -5*u + 112 = 5*o - 238. List the prime factors of u.
3, 23
Let x(o) = o**3 + 6*o**2 + 6*o + 23. Let c be x(-6). Let p(f) = -f**3 - 13*f**2 - 30*f - 25. List the prime factors of p(c).
5, 73
Suppose 0 = 295*c - 290*c. Let j(w) = w**3 + 2*w**2 - w + 417. What are the prime factors of j(c)?
3, 139
Suppose 2*l = t - 2467, -4*t - 7 - 13 = 0. Let z = -588 - l. What are the prime factors of z?
2, 3
Let b(u) = -6*u**2 - 1312*u + 1206. List the prime factors of b(-164).
2, 107, 257
Let u(w) be the second derivative of 38*w**3/3 - 8*w**2 + 29*w. List the prime factors of u(2).
2, 17
Suppose n + 4*l - 21855 = 0, -2*n + 387*l = 386*l - 43665. What are the prime factors of n?
5, 11, 397
Let b(i) be the first derivative of i**4/4 + 7*i**3 + 37*i**2/2 - 13*i + 8. What are the prime factors of b(-18)?
293
Let t = -5242 - -5419. List the prime factors of t.
3, 59
Suppose f - 35 = -f + 3*u, 4*u = -f - 10. Let w(q) = -18*q - 6. Let z be w(-2). Suppose 0 = -f*o + 4*o + z. List the prime factors of o.
5
Suppose 112 = 3*c - 10*c. What are the prime factors of (-4)/c - 4568/(-32)?
11, 13
Let z(s) = 3*s - 33. Let x be z(13). Let k(d) = 40*d + 10. Let b be k(x). Let m = b + -150. What are the prime factors of m?
2, 5
Let s(b) be the third derivative of 391*b**5/60 + 7*b**4/12 + 11*b**3/2 - 48*b**2 - 3*b. What are the prime factors of s(-2)?
3, 523
Suppose 3*x - 2*x = 4. Suppose -3 = x*f - 15. Suppose f*n + 150 = 8*n. What are the prime factors of n?
2, 3, 5
Let c(o) = -4*o**2 - 7*o + 12. Suppose -5*u - 15 = 5. Let r be c(u). What are the prime factors of -3 + 15/4 + (-1302)/r?
5, 11
Let i(m) = 20*m**2 + 738*m + 138. What are the prime factors of i(-62)?
2, 7, 11, 29
Let d = -4007 - -6787. List the prime factors of d.
2, 5, 139
List the prime factors of 2616/(-763)*(-2 - (-3 + 39740/8)).
2, 3, 11, 43
Suppose -3*c + 36 + 24 = 0. Let o(b) = b + 33 + 21 - c. List the prime factors of o(-15).
19
Let x be (20/(-8) + 1)*2. List the prime factors of ((-3 - 154 - x) + -2)*-2.
2, 3, 13
Suppose 3*y = -3*k + 4890, 3*k = -3*y - 2*k + 4896. List the prime factors of y.
1627
Suppose -v + 5*b = -3602, 0*v = -7*v + 4*b + 25090. What are the prime factors of v?
2, 3, 199
Suppose 4*k = 6*r - 2*r, -2*k = 5*r. Suppose k = -82*c + 87*c - 2365. List the prime factors of c.
11, 43
Suppose 11 = -4*m + 91. Suppose 2*j + 3*j - m = 0. Suppose 0*u = -3*n + j*u + 123, 0 = 3*n + u - 108. What are the prime factors of n?
37
Let f be 2/2*(10 - -3). Let b(i) = -8 + 16*i + 3 - f - 4. What are the prime factors of b(9)?
2, 61
Let z(n) = 37*n**2 + 20 + 233*n**3 - 118*n**3 - 114*n**3 - 8*n. What are the prime factors of z(-37)?
2, 79
Let t = 4534 + -1793. What are the prime factors of t?
2741
List the prime factors of (-138850)/(-30) - 210/63.
5, 37
Suppose 0 = 4*q + 12, 4*z - 3*q - 12 = 5*z. List the prime factors of z/(-1*(-18)/(-3522)).
587
Let r = 1385 + -767. What are the prime factors of r?
2, 3, 103
What are the prime factors of (-4716 - -20 - -17)*(2 + -3)?
4679
Let f(v) = -42*v + 650. What are the prime factors of f(-18)?
2, 19, 37
Let f be 1795/(3 + 2) - 2/1. Suppose 5*d = f - 67. Let q = 73 - d. What are the prime factors of q?
3, 5
Suppose 338*l + 4*w = 339*l - 386, 0 = -l + w + 395. What are the prime factors of l?
2, 199
Let r(o) be the first derivative of 5*o**3/3 + 7*o**2 + 27*o - 64. What are the prime factors of r(-8)?
5, 47
Let j(l) = 24*l**2 + 2*l + 13. Let y(f) = -f**3 - 21*f**2 - 2*f - 12. Let a(p) = -6*j(p) - 7*y(p). Suppose -3*b + 4 = -5. List the prime factors of a(b).
2, 3, 19
Let u be (-20)/15*6/(-4). Let j(n) = -n + 2. Let p be j(u). Suppose p = -4*k + f + 110, k - f + 6*f = 17. What are the prime factors of k?
3
Suppose 417546 = 13*m - 86009. List the prime factors of m.
5, 61, 127
Let i = -61 - -83. What are the prime factors of i?
2, 11
Suppose -8600289 = -232*x + 4493327. List the prime factors of x.
2, 28219
Suppose -119908 = -3*y + d, -2*y = 91*d - 95*d - 79932. List the prime factors of y.
2, 5, 7, 571
Let p = 23178 - 8561. What are the prime factors of p?
47, 311
What are the prime factors of (25807 - 4) + (6/12)/((-4)/32)?
25799
Suppose -2*g - 3*j = -2620, -3*g - 327*j + 3918 = -324*j. List the prime factors of g.
2, 11, 59
Suppose 2 - 6 = 4*u. List the prime factors of (u/(-2))/(14/8932).
11, 29
Suppose 0*y + 3*y - 5*d - 58 = 0, 2*d = -4*y + 86. What are the prime factors of (-12)/y - 1614/(-7)?
2, 5, 23
Suppose -413275 - 247311 = 9*i - 43*i. List the prime factors of i.
19429
Let j = -32050 - -54633. List the prime factors of j.
11, 2053
Let l(z) = z**3 + 8*z**2 - 8*z + 6. Let j be l(-8). Suppose -2*w = -3*y - 88, 2*w - 18 = -3*y + j. Suppose w = o - 74. What are the prime factors of o?
2, 59
Let o(h) = -2*h + 12. Let f be o(5). Suppose 4*z = f*l - 4580, -z = -3*l - 2256 + 9121. Suppose 0 = -10*m - 638 + l. List the prime factors of m.
3, 5, 11
Let k be 0 + (-3)/3 - -28. Suppose 5 = 5*c + 15, -3*d + k = -3*c. Suppose 66 = d*h - h. List the prime factors of h.
11
Let b(g) be the third derivative of -g**5/30 - g**4/24 + 5*g**3/3 - 3*g**2. Let k be b(0). Let q = 30 - k. What are the prime factors of q?
2, 5
Let z(y) = 26*y + 23. Let c be z(6). Suppose c*b = 172*b + 8540. What are the prime factors of b?
2, 5, 61
Let i(x) be the third derivative of -17*x**4/24 - 17*x**3/6 + 15*x**2. Let c(q) = 8*q + 9. Let g(a) = 13*c(a) + 6*i(a). List the prime factors of g(-4).
7
Suppose 823076 = 97*t + 64148. What are the prime factors of t?
2, 3, 163
Let z be (-4)/10 + (-39)/65 - -6. Suppose -z*j + 11 = 1. Suppose i + 3*r = j*i - 82, -2*i + r + 169 = 0. What are the prime factors of i?
5, 17
Suppose 2*j - 230 = -4*d, -3*d = -5*j + 2*j - 177. Suppose -z + 344 = d. What are the prime factors of z?
2, 11, 13
Let d be (-4)/4*(2 - -1 - 3). Let z(g) = -g**2 - 3*g + 428. Let m be z(d). What are the prime factors of (m/6)/2*12/4?
107
Let i(z) = -2*z**3 + 51*z**2 + 26*z + 31. Let n be i(26). Suppose -n*p - 9660 = -41*p. What are the prime factors of p?
2, 3, 7, 23
Suppose 0 = -0*c - 11*c. Suppose 2*q + 4*f = -f + 277, 3*q + 5*f - 418 = c. List the prime factors of q.
3, 47
Let l = -11209 - -30741. List the prime factors of l.
2, 19, 257
Let x(c) = -29*c - 138. Let z(q) = -3*q**2 + 8*q + 16. Let t be z(5). List the prime factors of x(t).
7, 59
Suppose 395 = -18*k + 143. Let y(a) = -a**3 - 14*a**2 - 18*a - 46. What are the prime factors of y(k)?
2, 103
Let v(u) = 20*u**2 + 66*u + 2086. List the prime factors of v(-37).
2, 3, 563
Let j(c) = 21*c**2 - 6*c - 13. Suppose 52 = 7*d - 20*d. What are the prime factors of j(d)?
347
Let l be (-72)/(-3 - -8 - 4). Let n = l - -71. List the prime factors of (12/(-18))/(n*(-8)/(-1812)).
151
Suppose -4*d = -4, 0*t + 4*t - d = -1. Suppose -u - 41 + 243 = t. What are the prime factors of u/6 - (-6)/18?
2, 17
Suppose -3*s - 36 = -4*s + 5*o, 5*s + 3*o = 96. Let y(a) = 8*a - 35*a**2 - 24*a**2 + 38*a**2 + a**3 + 0*a**3 - 4*a + 10. List the prime factors of y(s).
2, 47
Suppose 106525 = 2*r + 3*z, 138*r - 143*r + 266360 = -2*z. What are the prime factors of r?
2, 5, 7, 761
Suppose 55 = 5*o + c, 9*o - 5*o + 4*c - 60 = 0. Suppose -330 = y + o*y. Let z = y + 59. List the prime factors of z.
29
Suppose -18*o + 72 = 5*k - 22*o, -4*k + 2*o = -54. What are the prime factors of -124*(5 - 159/k)?
3, 11, 31
Let d be (26/(-6))/(-1 - 8739/(-8748)). Suppose -14*o + 2*u = -13*o - 844, 5*o - 